{"id":2743,"date":"2024-04-08T09:28:26","date_gmt":"2024-04-08T09:28:26","guid":{"rendered":"http:\/\/clapat-themes.com\/wordpress\/montoya\/?page_id=2743"},"modified":"2024-09-01T23:36:44","modified_gmt":"2024-09-01T23:36:44","slug":"o-mnie","status":"publish","type":"page","link":"https:\/\/plastelinastudio.pl\/?page_id=2743","title":{"rendered":"O mnie"},"content":{"rendered":"\n<div class=\"wp-block-montoya-gutenberg-container content-row dark-section normal\" data-bgcolor=\"#0c0c0c\" style=\"text-align:left\">\n<div class=\"wp-block-montoya-gutenberg-clipped-image clipped-image-wrapper\"><div class=\"clipped-image-pin\"><div class=\"clipped-image\"><img decoding=\"async\" src=\"https:\/\/plastelinastudio.pl\/wp-content\/uploads\/2024\/09\/Face_Upscale_00054_.png\" alt=\"\"\/><div class=\"clipped-image-gradient\"><\/div><\/div><\/div><div class=\"clipped-image-content content-full-width\">\n<h4 class=\"wp-block-heading alignwide has-text-align-center\" id=\"we-re-a-studio-in-berlin-with-an-international-practice-in-architecture-urban-planning-and-interior-design-we-believe-in-sharing-knowledge-and-promoting-dialogue-to-increase-the-creative-potential-of-collaboration\">Jako Plastelina Studio w swoich projektach stawiam na indywidualne potrzeby tworz\u0105c funkcjonalne wn\u0119trza, w kt\u00f3rych ka\u017cdy zawsze mo\u017ce odnale\u017a\u0107 cz\u0105stk\u0119 siebie. Zajmuje si\u0119 projektowaniem wn\u0119trz dom\u00f3w jednorodzinnych, mieszka\u0144, obiekt\u00f3w handlowych oraz restauracyjnych.&nbsp;<\/h4>\n\n\n\n<h4 class=\"wp-block-heading alignwide has-text-align-center\"><br>Moja misja to stworzenie razem z Tob\u0105 wyj\u0105tkowego, pi\u0119knego projektu, kt\u00f3ry odzwierciedli Twoje potrzeby i marzenia. Kocham poznawa\u0107 ludzi, s\u0142ucha\u0107 ich historii i odkrywa\u0107, co sprawia im rado\u015b\u0107. Dzi\u0119ki temu mo\u017cemy razem znale\u017a\u0107 wsp\u00f3ln\u0105 drog\u0119 w projektowaniu wn\u0119trza, kt\u00f3ra b\u0119dzie idealnie dopasowana do Ciebie.&nbsp;<\/h4>\n\n\n\n<h4 class=\"wp-block-heading alignwide has-text-align-center\"><br>Oferuj\u0119 mo\u017cliwo\u015b\u0107 wykonania wszystkich zabud\u00f3w u\u017cytych w projekcie, takich jak szafy czy zabudowa kuchenna, aby ka\u017cdy detal by\u0142 perfekcyjny. Ponadto, specjalizuj\u0119 si\u0119 w tworzeniu mebli na wymiar, kt\u00f3re b\u0119d\u0105 idealnie dopasowane do Twoich potrzeb i gustu.&nbsp;<\/h4>\n\n\n\n<p><\/p>\n<\/div><\/div>\n<\/div>\n\n\n\n<div class=\"wp-block-montoya-gutenberg-container content-row dark-section normal\" data-bgcolor=\"#0c0c0c\" style=\"text-align:left\">\n<div class=\"wp-block-montoya-gutenberg-moving-thumbs-grid move-thumbs-wrapper\"><div class=\"start-thumbs-caption\"><h2 class=\"primary-font-title big-title has-mask-fil\">Projektowanie Wn\u0119trz<\/h2><p>Poznaj moje mo\u017cliwo\u015bci.<\/p><\/div><div class=\"start-thumbs-wrapper\">\n<div class=\"start-move-thumb\"><div class=\"move-thumb-inner\"><div class=\"section-image\"><img decoding=\"async\" class=\"item-image\" src=\"https:\/\/plastelinastudio.pl\/wp-content\/uploads\/2024\/08\/6.png\" alt=\"\" \/><\/div><\/div><\/div>\n\n\n\n<div class=\"start-move-thumb\"><div class=\"move-thumb-inner\"><div class=\"section-image\"><img decoding=\"async\" class=\"item-image\" src=\"https:\/\/plastelinastudio.pl\/wp-content\/uploads\/2024\/08\/2.png\" alt=\"\" \/><\/div><\/div><\/div>\n\n\n\n<div class=\"start-move-thumb\"><div class=\"move-thumb-inner\"><div class=\"section-image\"><img decoding=\"async\" class=\"item-image\" src=\"https:\/\/plastelinastudio.pl\/wp-content\/uploads\/2024\/08\/4.png\" alt=\"\" \/><\/div><\/div><\/div>\n\n\n\n<div class=\"start-move-thumb\"><div class=\"move-thumb-inner\"><div class=\"section-image\"><img decoding=\"async\" class=\"item-image\" src=\"https:\/\/plastelinastudio.pl\/wp-content\/uploads\/2024\/08\/3.png\" alt=\"\" \/><\/div><\/div><\/div>\n\n\n\n<div class=\"start-move-thumb\"><div class=\"move-thumb-inner\"><div class=\"section-image\"><img decoding=\"async\" class=\"item-image\" src=\"https:\/\/plastelinastudio.pl\/wp-content\/uploads\/2024\/08\/1.png\" alt=\"\" \/><\/div><\/div><\/div>\n\n\n\n<div class=\"start-move-thumb\"><div class=\"move-thumb-inner\"><div class=\"section-image\"><img decoding=\"async\" class=\"item-image\" src=\"https:\/\/plastelinastudio.pl\/wp-content\/uploads\/2024\/08\/5.png\" alt=\"\" \/><\/div><\/div><\/div>\n<\/div><\/div>\n<\/div>\n\n\n\n<div class=\"wp-block-montoya-gutenberg-container content-row dark-section normal row_padding_bottom\" data-bgcolor=\"#0c0c0c\" style=\"text-align:center\">\n<div style=\"height:40px\" aria-hidden=\"true\" class=\"wp-block-spacer\"><\/div>\n\n\n\n<h2 class=\"wp-block-heading big-title primary-font-title no-margins has-mask-fill\">Sprawd\u017a moje ceny<\/h2>\n\n\n\n<div style=\"height:100px\" aria-hidden=\"true\" class=\"wp-block-spacer\"><\/div>\n\n\n\n<ul class=\"wp-block-montoya-gutenberg-flex-list flex-lists-wrapper\">\n<li class=\"wp-block-montoya-gutenberg-flex-list-item flex-list link has-animation\"><span class=\"flex-list-left\">Nazwa oferty<\/span><span class=\"flex-list-center\">Co wchodzi w sk\u0142ad oferty<\/span><span class=\"flex-list-right\">orientacyjna cena <\/span><\/li>\n\n\n\n<li class=\"wp-block-montoya-gutenberg-flex-list-item flex-list link has-animation\"><span class=\"flex-list-left\">Projekt flipper<\/span><span class=\"flex-list-center\">Narysuj\u0119 przestrze\u0144, dobior\u0119 produkty, dostarcz\u0119 k\u0142ady i rzuty<\/span><span class=\"flex-list-right\">od 3500<\/span><\/li>\n\n\n\n<li class=\"wp-block-montoya-gutenberg-flex-list-item flex-list link has-animation\"><span class=\"flex-list-left\">Projekt standard <\/span><span class=\"flex-list-center\">To co wy\u017cej i dodatkowo inwentaryzacja, wizualizacje<\/span><span class=\"flex-list-right\">od 190\/m2<\/span><\/li>\n\n\n\n<li class=\"wp-block-montoya-gutenberg-flex-list-item flex-list link has-animation\"><span class=\"flex-list-left\">Projekt full<\/span><span class=\"flex-list-center\">To co wy\u017cej plus Wizualizacje AI, kontakt z wykonawcami, doradztwo, sesja fotograficzna<\/span><span class=\"flex-list-right\">od 350z\u0142\/m2<\/span><\/li>\n\n\n\n<li class=\"wp-block-montoya-gutenberg-flex-list-item flex-list link has-animation\"><span class=\"flex-list-left\">Prace graficzne <\/span><span class=\"flex-list-center\">Obr\u00f3bka zdj\u0119\u0107 w podstawowym zakresie <\/span><span class=\"flex-list-right\">od 50z\u0142\/sztuk\u0119 <\/span><\/li>\n\n\n\n<li class=\"wp-block-montoya-gutenberg-flex-list-item flex-list link has-animation\"><span class=\"flex-list-left\">Praca kreatywna<\/span><span class=\"flex-list-center\">Praca kreatywna w dowolnym programie <\/span><span class=\"flex-list-right\">od 130z\u0142\/h<\/span><\/li>\n\n\n\n<li class=\"wp-block-montoya-gutenberg-flex-list-item flex-list link has-animation\"><span class=\"flex-list-left\">Meble na wymiar<\/span><span class=\"flex-list-center\">Mo\u017cliwo\u015b\u0107 wyceny i zakupu niestandardowych mebli zamieszczonych w projekcie. Zabudowy, meble tapicerowane.<\/span><span class=\"flex-list-right\">indywidualna wycena<\/span><\/li>\n\n\n\n<li class=\"wp-block-montoya-gutenberg-flex-list-item flex-list link has-animation\"><span class=\"flex-list-left\">Pomoc w zakupach<\/span><span class=\"flex-list-center\">Wizyta w salonach z wyposa\u017ceniem wn\u0119trz. Doradztwo zakupowe<\/span><span class=\"flex-list-right\">od 200\/h<\/span><\/li>\n<\/ul>\n<\/div>\n\n\n\n<div class=\"wp-block-montoya-gutenberg-container content-row light-section normal row_padding_top row_padding_bottom change-header-color has-clip-path\" data-bgcolor=\"#ffffff\" style=\"text-align:left\">\n<div class=\"wp-block-columns pinned-section is-layout-flex wp-container-core-columns-is-layout-9d6595d7 wp-block-columns-is-layout-flex\">\n<div class=\"wp-block-column pinned-element left is-layout-flow wp-block-column-is-layout-flow\">\n<h2 class=\"wp-block-heading big-title primary-font-title no-margins\">JAK B\u0118DZIEMY PRACOWA\u0106 NAD TWOIM WN\u0118TRZEM.<\/h2>\n<\/div>\n\n\n\n<div class=\"wp-block-column scrolling-element right is-layout-flow wp-block-column-is-layout-flow\">\n<dl class=\"wp-block-montoya-gutenberg-accordion accordion small-acc\">\n<dt><span class=\"link\">Poznajemy si\u0119<\/span><div class=\"acc-icon-wrap parallax-wrap\"><div class=\"acc-button-icon parallax-element\"><i class=\"fa fa-arrow-right\"><\/i><\/div><\/div><\/dt><dd class=\"accordion-content\">Najwa\u017cniejsze jest poznanie Twoich potrzeb, spotkamy si\u0119 by porozmawia\u0107 odno\u015bnie projektu, pozna\u0107 bud\u017cet, kt\u00f3ry zamierzasz przeznaczy\u0107 na wyko\u0144czenie. Chc\u0119 zobaczy\u0107 co Ci si\u0119 podoba najbardziej, jaki styl lubisz, jednym s\u0142owem co Tobie w duszy gra. Projekt tworz\u0119 dla Ciebie, dlatego zale\u017cy mi \u017ceby pozna\u0107 Ci\u0119 bli\u017cej.<\/dd>\n\n\n\n<dt><span class=\"link\">Inwentaryzacja <\/span><div class=\"acc-icon-wrap parallax-wrap\"><div class=\"acc-button-icon parallax-element\"><i class=\"fa fa-arrow-right\"><\/i><\/div><\/div><\/dt><dd class=\"accordion-content\">Je\u015bli istnieje taka mo\u017cliwo\u015b\u0107 przyje\u017cd\u017cam na lokalizacj\u0119 i robi\u0119 inwentaryzacj\u0119, dokonuj\u0119 wszelkich pomiar\u00f3w niezb\u0119dnych do projektu. Je\u015bli nie ma takiej sposobno\u015bci mog\u0119 stworzy\u0107 projekt na podstawie dostarczonej przez Ciebie dokumentacji.<\/dd>\n\n\n\n<dt><span class=\"link\">Wizualizacje AI<\/span><div class=\"acc-icon-wrap parallax-wrap\"><div class=\"acc-button-icon parallax-element\"><i class=\"fa fa-arrow-right\"><\/i><\/div><\/div><\/dt><dd class=\"accordion-content\">Aby si\u0119 jeszcze lepiej zrozumie\u0107 wykorzystuj\u0119 najnowsz\u0105 technologi\u0119. AI jest opcj\u0105 kt\u00f3ra mo\u017ce ju\u017c na wczesnym etapie zobrazowa\u0107 mi Tobie to co chcemy sobie opowiedzie\u0107. <\/dd>\n\n\n\n<dt><span class=\"link\">Przedstawiam uk\u0142ad funkcjonalny i moodbord<\/span><div class=\"acc-icon-wrap parallax-wrap\"><div class=\"acc-button-icon parallax-element\"><i class=\"fa fa-arrow-right\"><\/i><\/div><\/div><\/dt><dd class=\"accordion-content\">Po zebraniu wszelkich niezb\u0119dnych informacji, przechodz\u0119 do kolejnego etapu jakim jest stworzenie uk\u0142adu funkcjonalnego. Jest on rzutem poziomym pomieszcze\u0144 z og\u00f3lnym uk\u0142adem mebli i wyposa\u017cenia. Istnieje mo\u017cliwo\u015b\u0107 wprowadzenie jednej zmiany w uk\u0142adzie funkcjonalnym. Wraz z uk\u0142adem funkcjonalnym otrzymasz moodbord, ukazuj\u0105cy kola\u017c inspiracji na podstawie kt\u00f3rych powstanie Tw\u00f3j projekt. Na tym etapie kreuje si\u0119 styl Twojego wn\u0119trza.<\/dd>\n\n\n\n<dt><span class=\"link\">Wizualizacja<\/span><div class=\"acc-icon-wrap parallax-wrap\"><div class=\"acc-button-icon parallax-element\"><i class=\"fa fa-arrow-right\"><\/i><\/div><\/div><\/dt><dd class=\"accordion-content\">Kiedy uk\u0142ad funkcjonalny oraz kierunek stylistyczny zosta\u0142 zaakceptowany zaczynam prac\u0119 nad wizualizacjami, kt\u00f3re w realistyczny spos\u00f3b przedstawi\u0105 zaprojektowan\u0105 przestrze\u0144. <\/dd>\n\n\n\n<dt><span class=\"link\">Niezb\u0119dna dokumentacja<\/span><div class=\"acc-icon-wrap parallax-wrap\"><div class=\"acc-button-icon parallax-element\"><i class=\"fa fa-arrow-right\"><\/i><\/div><\/div><\/dt><dd class=\"accordion-content\">Po zaakceptowaniu dotychczasowego projektu przejd\u0119 do wykonania rysunk\u00f3w technicznych, w kt\u00f3rych wszystko dok\u0142adnie zostanie rozrysowane. Dokumentacja ta stanowi podstaw\u0119 do\u00a0prac\u00a0fachowc\u00f3w.<\/dd>\n\n\n\n<dt><span class=\"link\">Nadz\u00f3r, dob\u00f3r wykonawc\u00f3w<\/span><div class=\"acc-icon-wrap parallax-wrap\"><div class=\"acc-button-icon parallax-element\"><i class=\"fa fa-arrow-right\"><\/i><\/div><\/div><\/dt><dd class=\"accordion-content\">Pomog\u0119 pe\u0142ni\u0107 nadz\u00f3r nad pracami podwykonawc\u00f3w. W razie potrzeby dobior\u0119 odpowiednich fachowc\u00f3w z w\u0142asnego porfolio.<\/dd>\n\n\n\n<dt><span class=\"link\">Meble na wymiar<\/span><div class=\"acc-icon-wrap parallax-wrap\"><div class=\"acc-button-icon parallax-element\"><i class=\"fa fa-arrow-right\"><\/i><\/div><\/div><\/dt><dd class=\"accordion-content\">Mam du\u017ce do\u015bwiadczenie w realizacjach indywidualnych projekt\u00f3w mebli. Mo\u017cesz liczy\u0107 na pe\u0142en zakres us\u0142ug meblowych i realizacj\u0119 dok\u0142adnie tego co zaprojektuj\u0119. Meble tapicerowane i zabudowy oraz nietypowe elementy wystroju wn\u0119trz.<\/dd>\n\n\n\n<dt><span class=\"link\">Prace graficzne <\/span><div class=\"acc-icon-wrap parallax-wrap\"><div class=\"acc-button-icon parallax-element\"><i class=\"fa fa-arrow-right\"><\/i><\/div><\/div><\/dt><dd class=\"accordion-content\">Wykorzystuj\u0119 i u\u017cywam do mojej pracy znane \u015brodowiska do obr\u00f3bki fotografii. Mo\u017ce to by\u0107 kolejny lub zupe\u0142nie osobny etap pracy.  <\/dd>\n\n\n\n<dt><span class=\"link\">Doradzam, pomagam<\/span><div class=\"acc-icon-wrap parallax-wrap\"><div class=\"acc-button-icon parallax-element\"><i class=\"fa fa-arrow-right\"><\/i><\/div><\/div><\/dt><dd class=\"accordion-content\">Doradzam rozwi\u0105zania w szerokim zakresie, ch\u0119tnie pomagam. Przede wszystkim staram si\u0119 uwa\u017cnie s\u0142ucha\u0107.  <\/dd>\n<\/dl>\n<\/div>\n<\/div>\n<\/div>\n","protected":false},"excerpt":{"rendered":"","protected":false},"author":1,"featured_media":0,"parent":0,"menu_order":0,"comment_status":"closed","ping_status":"closed","template":"","meta":{"footnotes":""},"class_list":["post-2743","page","type-page","status-publish","hentry"],"_links":{"self":[{"href":"https:\/\/plastelinastudio.pl\/index.php?rest_route=\/wp\/v2\/pages\/2743","targetHints":{"allow":["GET"]}}],"collection":[{"href":"https:\/\/plastelinastudio.pl\/index.php?rest_route=\/wp\/v2\/pages"}],"about":[{"href":"https:\/\/plastelinastudio.pl\/index.php?rest_route=\/wp\/v2\/types\/page"}],"author":[{"embeddable":true,"href":"https:\/\/plastelinastudio.pl\/index.php?rest_route=\/wp\/v2\/users\/1"}],"replies":[{"embeddable":true,"href":"https:\/\/plastelinastudio.pl\/index.php?rest_route=%2Fwp%2Fv2%2Fcomments&post=2743"}],"version-history":[{"count":36,"href":"https:\/\/plastelinastudio.pl\/index.php?rest_route=\/wp\/v2\/pages\/2743\/revisions"}],"predecessor-version":[{"id":3401,"href":"https:\/\/plastelinastudio.pl\/index.php?rest_route=\/wp\/v2\/pages\/2743\/revisions\/3401"}],"wp:attachment":[{"href":"https:\/\/plastelinastudio.pl\/index.php?rest_route=%2Fwp%2Fv2%2Fmedia&parent=2743"}],"curies":[{"name":"wp","href":"https:\/\/api.w.org\/{rel}","templated":true}]}}